{"id":2087,"date":"2023-04-28T10:33:27","date_gmt":"2023-04-28T10:33:27","guid":{"rendered":"https:\/\/ashtanga.qodeinteractive.com\/?page_id=2087"},"modified":"2024-06-10T19:46:43","modified_gmt":"2024-06-10T19:46:43","slug":"about-us","status":"publish","type":"page","link":"https:\/\/earthnbirth.ch\/index.php\/about-us\/","title":{"rendered":"About Us"},"content":{"rendered":"\t\t<div data-elementor-type=\"wp-page\" data-elementor-id=\"2087\" class=\"elementor elementor-2087\">\n\t\t\t\t\t\t\t\t\t<section class=\"elementor-section elementor-top-section elementor-element elementor-element-8b5f3ea elementor-section-full_width elementor-section-height-default elementor-section-height-default\" data-id=\"8b5f3ea\" data-element_type=\"section\">\n\t\t\t\t\t\t<div class=\"elementor-container elementor-column-gap-default\">\n\t\t\t\t\t<div class=\"elementor-column elementor-col-100 elementor-top-column elementor-element elementor-element-630cebe\" data-id=\"630cebe\" data-element_type=\"column\">\n\t\t\t<div class=\"elementor-widget-wrap elementor-element-populated\">\n\t\t\t\t\t\t\t\t<div class=\"elementor-element elementor-element-39c417a elementor-widget elementor-widget-ashtanga_core_custom_font\" data-id=\"39c417a\" data-element_type=\"widget\" data-widget_type=\"ashtanga_core_custom_font.default\">\n\t\t\t\t<div class=\"elementor-widget-container\">\n\t\t\t<p class=\"qodef-shortcode qodef-m  qodef-custom-font qodef-custom-font-345 qodef-layout--simple   \" style=\"font-family: Edensor;font-size: 120px;text-transform: uppercase\"   >\n\t<span class=\"qodef-custom-font-inner\">\n\t\t\u00dcber mich\t<\/span>\n<\/p>\n\t\t<\/div>\n\t\t\t\t<\/div>\n\t\t\t\t\t<\/div>\n\t\t<\/div>\n\t\t\t\t\t\t\t<\/div>\n\t\t<\/section>\n\t\t\t\t<section class=\"elementor-section elementor-top-section elementor-element elementor-element-ae10bd7 elementor-section-full_width elementor-section-height-min-height elementor-hidden-tablet elementor-hidden-mobile elementor-section-height-default elementor-section-items-middle\" data-id=\"ae10bd7\" data-element_type=\"section\" data-settings=\"{&quot;background_background&quot;:&quot;classic&quot;}\">\n\t\t\t\t\t\t\t<div class=\"elementor-background-overlay\"><\/div>\n\t\t\t\t\t\t\t<div class=\"elementor-container elementor-column-gap-default\">\n\t\t\t\t\t<div class=\"elementor-column elementor-col-100 elementor-top-column elementor-element elementor-element-83b4060\" data-id=\"83b4060\" data-element_type=\"column\">\n\t\t\t<div class=\"elementor-widget-wrap\">\n\t\t\t\t\t\t\t\t\t<\/div>\n\t\t<\/div>\n\t\t\t\t\t\t\t<\/div>\n\t\t<\/section>\n\t\t\t\t<section class=\"elementor-section elementor-top-section elementor-element elementor-element-e050c72 elementor-section-full_width elementor-section-height-default elementor-section-height-default\" data-id=\"e050c72\" data-element_type=\"section\">\n\t\t\t\t\t\t<div class=\"elementor-container elementor-column-gap-default\">\n\t\t\t\t\t<div class=\"elementor-column elementor-col-100 elementor-top-column elementor-element elementor-element-6588712\" data-id=\"6588712\" data-element_type=\"column\">\n\t\t\t<div class=\"elementor-widget-wrap elementor-element-populated\">\n\t\t\t\t\t\t\t\t<div class=\"elementor-element elementor-element-5c8bf26 elementor-widget elementor-widget-ashtanga_core_icon_with_text\" data-id=\"5c8bf26\" data-element_type=\"widget\" data-widget_type=\"ashtanga_core_icon_with_text.default\">\n\t\t\t\t<div class=\"elementor-widget-container\">\n\t\t\t<div class=\"qodef-shortcode qodef-m  qodef-icon-with-text qodef-layout--top qodef--custom-icon  qodef-alignment--center\">\n\t<div class=\"qodef-m-icon-wrapper\">\n\t\t\t\t\t\t\t<\/div>\n\t<div class=\"qodef-m-content\">\n\t\t\t<h3 class=\"qodef-m-title\" style=\"margin-top: 40px\">\n\t\t\t\t\t<span class=\"qodef-m-title-text\">Mein Name ist Samira Leiser <\/span>\n\t\t\t<\/h3>\n\t\t\t<p class=\"qodef-m-text\" >\n<\/p>\n\t<\/div>\n<\/div>\n\t\t<\/div>\n\t\t\t\t<\/div>\n\t\t\t\t\t<\/div>\n\t\t<\/div>\n\t\t\t\t\t\t\t<\/div>\n\t\t<\/section>\n\t\t<div class=\"elementor-element elementor-element-6bf1266 e-flex e-con-boxed e-con e-parent\" data-id=\"6bf1266\" data-element_type=\"container\" data-settings=\"{&quot;content_width&quot;:&quot;boxed&quot;}\" data-core-v316-plus=\"true\">\n\t\t\t\t\t<div class=\"e-con-inner\">\n\t\t<div class=\"elementor-element elementor-element-bcfcfb5 e-con-full e-flex e-con e-child\" data-id=\"bcfcfb5\" data-element_type=\"container\" data-settings=\"{&quot;content_width&quot;:&quot;full&quot;}\">\n\t\t\t\t<div class=\"elementor-element elementor-element-a079493 elementor-widget elementor-widget-image\" data-id=\"a079493\" data-element_type=\"widget\" data-widget_type=\"image.default\">\n\t\t\t\t<div class=\"elementor-widget-container\">\n\t\t\t<style>\/*! elementor - v3.18.0 - 04-12-2023 *\/\n.elementor-widget-image{text-align:center}.elementor-widget-image a{display:inline-block}.elementor-widget-image a img[src$=\".svg\"]{width:48px}.elementor-widget-image img{vertical-align:middle;display:inline-block}<\/style>\t\t\t\t\t\t\t\t\t\t\t\t<img fetchpriority=\"high\" decoding=\"async\" width=\"1706\" height=\"1689\" src=\"https:\/\/earthnbirth.ch\/wp-content\/uploads\/2023\/12\/DSC05883-scaled-e1707070921704.jpg\" class=\"attachment-full size-full wp-image-12375\" alt=\"\" srcset=\"https:\/\/earthnbirth.ch\/wp-content\/uploads\/2023\/12\/DSC05883-scaled-e1707070921704.jpg 1706w, https:\/\/earthnbirth.ch\/wp-content\/uploads\/2023\/12\/DSC05883-scaled-e1707070921704-300x297.jpg 300w, https:\/\/earthnbirth.ch\/wp-content\/uploads\/2023\/12\/DSC05883-scaled-e1707070921704-1024x1014.jpg 1024w, https:\/\/earthnbirth.ch\/wp-content\/uploads\/2023\/12\/DSC05883-scaled-e1707070921704-150x150.jpg 150w, https:\/\/earthnbirth.ch\/wp-content\/uploads\/2023\/12\/DSC05883-scaled-e1707070921704-768x760.jpg 768w, https:\/\/earthnbirth.ch\/wp-content\/uploads\/2023\/12\/DSC05883-scaled-e1707070921704-1536x1521.jpg 1536w, https:\/\/earthnbirth.ch\/wp-content\/uploads\/2023\/12\/DSC05883-scaled-e1707070921704-600x594.jpg 600w, https:\/\/earthnbirth.ch\/wp-content\/uploads\/2023\/12\/DSC05883-scaled-e1707070921704-100x100.jpg 100w\" sizes=\"(max-width: 1706px) 100vw, 1706px\" \/>\t\t\t\t\t\t\t\t\t\t\t\t\t\t\t<\/div>\n\t\t\t\t<\/div>\n\t\t\t\t<\/div>\n\t\t<div class=\"elementor-element elementor-element-ea793e7 e-con-full e-flex e-con e-child\" data-id=\"ea793e7\" data-element_type=\"container\" data-settings=\"{&quot;content_width&quot;:&quot;full&quot;}\">\n\t\t\t\t<div class=\"elementor-element elementor-element-7944006 elementor-widget elementor-widget-text-editor\" data-id=\"7944006\" data-element_type=\"widget\" data-widget_type=\"text-editor.default\">\n\t\t\t\t<div class=\"elementor-widget-container\">\n\t\t\t<style>\/*! elementor - v3.18.0 - 04-12-2023 *\/\n.elementor-widget-text-editor.elementor-drop-cap-view-stacked .elementor-drop-cap{background-color:#69727d;color:#fff}.elementor-widget-text-editor.elementor-drop-cap-view-framed .elementor-drop-cap{color:#69727d;border:3px solid;background-color:transparent}.elementor-widget-text-editor:not(.elementor-drop-cap-view-default) .elementor-drop-cap{margin-top:8px}.elementor-widget-text-editor:not(.elementor-drop-cap-view-default) .elementor-drop-cap-letter{width:1em;height:1em}.elementor-widget-text-editor .elementor-drop-cap{float:left;text-align:center;line-height:1;font-size:50px}.elementor-widget-text-editor .elementor-drop-cap-letter{display:inline-block}<\/style>\t\t\t\t<p>Im Jahr 1990 brachte mich meine Mutter zu Hause in der Josefstra\u00dfe zur Welt.<\/p><p>Als alleinstehende Frau zog sie mich im Niederdorf, im Herzen Z\u00fcrichs, auf. Sie war ein starkes, emanzipiertes, einf\u00fchlsames, vielseitiges, sozial engagiertes, intellektuelles, humorvolles, hilfsbereites, willensstarkes und naturverbundenes Vorbild.<\/p><p>Bis heute schenkt sie mir bedingungslose Liebe, was mein Selbstwertgef\u00fchl und Selbstvertrauen st\u00e4rkte. Meine Herkunft ist der beste Weg, um mich, meine Einstellung und Intention authentisch zu beschreiben.<br \/>Mittlerweile bin ich Mutter von drei wundervollen, manchmal herausfordernden Kindern. Ehrlich gesagt ist Muttersein nicht nur das Sch\u00f6nste und Erf\u00fcllendste, sondern auch anstrengend und ersch\u00f6pfend. Ich kenne das Gef\u00fchl des Alleinerziehens als Tochter und Mutter.\u00a0<\/p><p>Nun erfahre ich auch die Rolle einer Frau an der Seite eines liebevollen Partners\/Vaters. Mein Lebensgef\u00e4hrte und meine Mutter sind neben meinen Kindern meine engsten Begleiter, unterst\u00fctzen mich in allem und erm\u00f6glichen mir, mich als Mutter , Naturheilpraktikerin, Doula und S\u00e4ngerin zu entfalten.\u00a0<\/p><p>Diese Art von Begleitung und Unterst\u00fctzung weiterzugeben ist mir unglaublich wichtig und wertvoll.&#8220;<\/p>\t\t\t\t\t\t<\/div>\n\t\t\t\t<\/div>\n\t\t\t\t<\/div>\n\t\t\t\t\t<\/div>\n\t\t\t\t<\/div>\n\t\t\t\t<section class=\"elementor-section elementor-top-section elementor-element elementor-element-bf4975a elementor-section-full_width qodef-elementor-content-grid elementor-hidden-tablet elementor-hidden-mobile elementor-section-height-default elementor-section-height-default\" data-id=\"bf4975a\" data-element_type=\"section\">\n\t\t\t\t\t\t<div class=\"elementor-container elementor-column-gap-default\">\n\t\t\t\t\t<div class=\"elementor-column elementor-col-100 elementor-top-column elementor-element elementor-element-4e73e80\" data-id=\"4e73e80\" data-element_type=\"column\">\n\t\t\t<div class=\"elementor-widget-wrap elementor-element-populated\">\n\t\t\t\t\t\t\t\t<div class=\"elementor-element elementor-element-8f9b365 elementor-widget__width-auto elementor-widget elementor-widget-ashtanga_core_stacked_images\" data-id=\"8f9b365\" data-element_type=\"widget\" data-widget_type=\"ashtanga_core_stacked_images.default\">\n\t\t\t\t<div class=\"elementor-widget-container\">\n\t\t\t<div class=\"qodef-shortcode qodef-m  qodef-stacked-images qodef-layout--default qodef--has-appear\">\n\t<div class=\"qodef-m-images\">\n\t\t\t\t\t<div class=\"qodef-m-image\">\n\t\t\t\t\t\t\t<\/div>\n\t\t\t\t\t\t\t\t<div class=\"qodef-m-image qodef-parallax-item \" style=\"top:35%; left:-50%; text-align:left\">\n\t\t\t\t\t\t\t\t\t<\/div>\n\t\t\t\t<\/div>\n<\/div>\n\t\t<\/div>\n\t\t\t\t<\/div>\n\t\t\t\t\t<\/div>\n\t\t<\/div>\n\t\t\t\t\t\t\t<\/div>\n\t\t<\/section>\n\t\t\t\t<section class=\"elementor-section elementor-top-section elementor-element elementor-element-ab68a85 elementor-section-full_width qodef-elementor-content-grid elementor-section-height-default elementor-section-height-default\" data-id=\"ab68a85\" data-element_type=\"section\">\n\t\t\t\t\t\t<div class=\"elementor-container elementor-column-gap-default\">\n\t\t\t\t\t<div class=\"elementor-column elementor-col-50 elementor-top-column elementor-element elementor-element-2eda066\" data-id=\"2eda066\" data-element_type=\"column\">\n\t\t\t<div class=\"elementor-widget-wrap elementor-element-populated\">\n\t\t\t\t\t\t\t\t<div class=\"elementor-element elementor-element-6913bbd elementor-widget elementor-widget-ashtanga_core_section_title\" data-id=\"6913bbd\" data-element_type=\"widget\" data-widget_type=\"ashtanga_core_section_title.default\">\n\t\t\t\t<div class=\"elementor-widget-container\">\n\t\t\t<div class=\"qodef-shortcode qodef-m  qodef-section-title qodef-alignment--left \">\n\t\t<h2 class=\"qodef-m-title\" >\n\t\t\t\t\tMeine Geburten\t\t\t<\/h2>\n\t\t<\/div>\n\t\t<\/div>\n\t\t\t\t<\/div>\n\t\t\t\t<div class=\"elementor-element elementor-element-6fcfce6 elementor-widget elementor-widget-text-editor\" data-id=\"6fcfce6\" data-element_type=\"widget\" data-widget_type=\"text-editor.default\">\n\t\t\t\t<div class=\"elementor-widget-container\">\n\t\t\t\t\t\t\t<p>Mit meinen Geburtsgeschichten fasse ich mich kurz. Wenn es dich jedoch interessiert, eine ausf\u00fchrlichere Version zu h\u00f6ren, erz\u00e4hle ich sie dir sehr gerne pers\u00f6nlich. Meine erste Tochter kam im Dezember 2011 im Delphys, damals noch an der Fridaustrasse, zur Welt.&nbsp;<\/p>\n<p>Diese Erfahrung war unglaublich \u00fcberw\u00e4ltigend und sch\u00f6n und hat mich f\u00fcr meine weiteren Geburten gest\u00e4rkt. Meine zweite Tochter kam dann 9 Jahre sp\u00e4ter, ebenfalls im Dezember, zu Hause vor einem brennenden Feuer am Kamin auf die Welt.&nbsp;<\/p>\n<p>Da ich im vertrauten Zuhause war, war dies definitiv eine Steigerung zur ersten Geburt. Die Menschen, die Atmosph\u00e4re und Umgebung d\u00fcrfen bei solch einem Ereignis nicht untersch\u00e4tzt werden, was mich zur Geburt meines Sohnes f\u00fchrte. Als mein erstes Sommerkind habe ich mich f\u00fcr eine Geburt in der Natur entschieden.<\/p>\n<p>&nbsp;Gl\u00fccklicherweise fand ich durch meine Kontakte eine grossartige Hebamme, die mich mit Freude und Vertrauen begleitete. Dieses Urvertrauen hat mich bei allen drei Geburten sehr stark gef\u00fchrt.<\/p>\t\t\t\t\t\t<\/div>\n\t\t\t\t<\/div>\n\t\t\t\t\t<\/div>\n\t\t<\/div>\n\t\t\t\t<div class=\"elementor-column elementor-col-50 elementor-top-column elementor-element elementor-element-b7a743b\" data-id=\"b7a743b\" data-element_type=\"column\">\n\t\t\t<div class=\"elementor-widget-wrap elementor-element-populated\">\n\t\t\t\t\t\t\t\t<div class=\"elementor-element elementor-element-8e72ba9 elementor-widget elementor-widget-image\" data-id=\"8e72ba9\" data-element_type=\"widget\" data-widget_type=\"image.default\">\n\t\t\t\t<div class=\"elementor-widget-container\">\n\t\t\t\t\t\t\t\t\t\t\t\t\t\t\t<img decoding=\"async\" width=\"650\" height=\"650\" src=\"https:\/\/earthnbirth.ch\/wp-content\/uploads\/2023\/12\/IMG_3471-650x650.jpg\" class=\"attachment-ashtanga_core_image_size_square size-ashtanga_core_image_size_square wp-image-12222\" alt=\"\" srcset=\"https:\/\/earthnbirth.ch\/wp-content\/uploads\/2023\/12\/IMG_3471-650x650.jpg 650w, https:\/\/earthnbirth.ch\/wp-content\/uploads\/2023\/12\/IMG_3471-150x150.jpg 150w, https:\/\/earthnbirth.ch\/wp-content\/uploads\/2023\/12\/IMG_3471-1300x1300.jpg 1300w, https:\/\/earthnbirth.ch\/wp-content\/uploads\/2023\/12\/IMG_3471-300x300.jpg 300w, https:\/\/earthnbirth.ch\/wp-content\/uploads\/2023\/12\/IMG_3471-100x100.jpg 100w\" sizes=\"(max-width: 650px) 100vw, 650px\" \/>\t\t\t\t\t\t\t\t\t\t\t\t\t\t\t<\/div>\n\t\t\t\t<\/div>\n\t\t\t\t\t<\/div>\n\t\t<\/div>\n\t\t\t\t\t\t\t<\/div>\n\t\t<\/section>\n\t\t\t\t<section class=\"elementor-section elementor-top-section elementor-element elementor-element-b01370e elementor-section-full_width elementor-section-height-default elementor-section-height-default\" data-id=\"b01370e\" data-element_type=\"section\">\n\t\t\t\t\t\t<div class=\"elementor-container elementor-column-gap-default\">\n\t\t\t\t\t<div class=\"elementor-column elementor-col-50 elementor-top-column elementor-element elementor-element-340d3e8\" data-id=\"340d3e8\" data-element_type=\"column\" data-settings=\"{&quot;background_background&quot;:&quot;classic&quot;}\">\n\t\t\t<div class=\"elementor-widget-wrap elementor-element-populated\">\n\t\t\t\t\t\t\t\t<div class=\"elementor-element elementor-element-f738acb elementor-widget elementor-widget-ashtanga_core_google_map\" data-id=\"f738acb\" data-element_type=\"widget\" data-widget_type=\"ashtanga_core_google_map.default\">\n\t\t\t\t<div class=\"elementor-widget-container\">\n\t\t\t<div class=\"qodef-shortcode qodef-m  qodef-google-map\">\n\t<div class=\"qodef-m-map\" id=\"qodef-map-id--855\" data-addresses='[\"320 W 31st St, New York, NY 10001, USA\"]' data-pin=https:\/\/earthnbirth.ch\/wp-content\/plugins\/ashtanga-core\/inc\/maps\/assets\/img\/pin.png data-unique-id=855 data-height=610><\/div>\n<\/div>\n\t\t<\/div>\n\t\t\t\t<\/div>\n\t\t\t\t\t<\/div>\n\t\t<\/div>\n\t\t\t\t<div class=\"elementor-column elementor-col-50 elementor-top-column elementor-element elementor-element-99bc700\" data-id=\"99bc700\" data-element_type=\"column\">\n\t\t\t<div class=\"elementor-widget-wrap elementor-element-populated\">\n\t\t\t\t\t\t\t\t<div class=\"elementor-element elementor-element-49b7b4f elementor-widget elementor-widget-ashtanga_core_section_title\" data-id=\"49b7b4f\" data-element_type=\"widget\" data-widget_type=\"ashtanga_core_section_title.default\">\n\t\t\t\t<div class=\"elementor-widget-container\">\n\t\t\t<div class=\"qodef-shortcode qodef-m  qodef-section-title qodef-alignment--left \">\n\t\t<h2 class=\"qodef-m-title\" >\n\t\t\t\t\tKontaktiere Mich\t\t\t<\/h2>\n\t\t<\/div>\n\t\t<\/div>\n\t\t\t\t<\/div>\n\t\t\t\t<div class=\"elementor-element elementor-element-25a67de elementor-widget elementor-widget-wp-widget-ashtanga_core_contact_form_7\" data-id=\"25a67de\" data-element_type=\"widget\" data-widget_type=\"wp-widget-ashtanga_core_contact_form_7.default\">\n\t\t\t\t<div class=\"elementor-widget-container\">\n\t\t\t\t\t\t<div class=\"qodef-contact-form-7\">\n\t\t\t\t\n<div class=\"wpcf7 no-js\" id=\"wpcf7-f935-o1\" lang=\"en-US\" dir=\"ltr\">\n<div class=\"screen-reader-response\"><p role=\"status\" aria-live=\"polite\" aria-atomic=\"true\"><\/p> <ul><\/ul><\/div>\n<form action=\"\/index.php\/wp-json\/wp\/v2\/pages\/2087#wpcf7-f935-o1\" method=\"post\" class=\"wpcf7-form init demo\" aria-label=\"Contact form\" novalidate=\"novalidate\" data-status=\"init\">\n<div style=\"display: none;\">\n<input type=\"hidden\" name=\"_wpcf7\" value=\"935\" \/>\n<input type=\"hidden\" name=\"_wpcf7_version\" value=\"5.8.4\" \/>\n<input type=\"hidden\" name=\"_wpcf7_locale\" value=\"en_US\" \/>\n<input type=\"hidden\" name=\"_wpcf7_unit_tag\" value=\"wpcf7-f935-o1\" \/>\n<input type=\"hidden\" name=\"_wpcf7_container_post\" value=\"0\" \/>\n<input type=\"hidden\" name=\"_wpcf7_posted_data_hash\" value=\"\" \/>\n<\/div>\n<div class=\"qodef-contact-form-cf7\">\n   <div class=\"qodef-form-item\"><span class=\"wpcf7-form-control-wrap\" data-name=\"your-name\"><input size=\"40\" class=\"wpcf7-form-control wpcf7-text wpcf7-validates-as-required\" aria-required=\"true\" aria-invalid=\"false\" placeholder=\"Name\" value=\"\" type=\"text\" name=\"your-name\" \/><\/span><\/div>\n   <div class=\"qodef-form-item\"><span class=\"wpcf7-form-control-wrap\" data-name=\"your-email\"><input size=\"40\" class=\"wpcf7-form-control wpcf7-email wpcf7-validates-as-required wpcf7-text wpcf7-validates-as-email\" aria-required=\"true\" aria-invalid=\"false\" placeholder=\"Email\" value=\"\" type=\"email\" name=\"your-email\" \/><\/span><\/div>\n   <div class=\"qodef-form-item\"><span class=\"wpcf7-form-control-wrap\" data-name=\"message\"><textarea cols=\"40\" rows=\"3\" class=\"wpcf7-form-control wpcf7-textarea\" aria-invalid=\"false\" placeholder=\"Nachricht\" name=\"message\"><\/textarea><\/span><\/div>\n   <div class=\"qodef-submit-holder\" style=\"padding-top: 6px;\">\n<button name=\"submit\" type=\"submit\" class=\"qodef-submit qodef-button qodef-layout--filled qodef-size--normal\" value=\"Send message\">Nachricht senden <\/button>\n<\/div>\n<\/div><div class=\"wpcf7-response-output\" aria-hidden=\"true\"><\/div>\n<\/form>\n<\/div>\n\t\t\t<\/div>\n\t\t\t\t\t<\/div>\n\t\t\t\t<\/div>\n\t\t\t\t\t<\/div>\n\t\t<\/div>\n\t\t\t\t\t\t\t<\/div>\n\t\t<\/section>\n\t\t\t\t<section class=\"elementor-section elementor-top-section elementor-element elementor-element-72c2b4e elementor-section-full_width elementor-section-height-default elementor-section-height-default\" data-id=\"72c2b4e\" data-element_type=\"section\">\n\t\t\t\t\t\t<div class=\"elementor-container elementor-column-gap-default\">\n\t\t\t\t\t<div class=\"elementor-column elementor-col-100 elementor-top-column elementor-element elementor-element-3d9a975\" data-id=\"3d9a975\" data-element_type=\"column\">\n\t\t\t<div class=\"elementor-widget-wrap elementor-element-populated\">\n\t\t\t\t\t\t\t\t<div class=\"elementor-element elementor-element-bdadf5e elementor-widget elementor-widget-ashtanga_core_text_marquee\" data-id=\"bdadf5e\" data-element_type=\"widget\" data-widget_type=\"ashtanga_core_text_marquee.default\">\n\t\t\t\t<div class=\"elementor-widget-container\">\n\t\t\t<div class=\"qodef-shortcode qodef-m  qodef-text-marquee qodef-text-marquee-423 qodef-layout--default qodef-direction--left\" style=\"--qode-marquee-duration:25s\">\n\t<div class=\"qodef-m-content\" style=\"font-size: 50px;text-transform: uppercase\">\n\t\t<div class=\"qodef-m-content-inner\">\n\t\t\t\t\t\t\t<span class=\"qodef-m-text-1\" style=\"color:#3E4939\">\n\t\t\t\t\tTreat your body\t\t\t\t<\/span>\n\t\t\t\t\t\t\t\t\t\t<span class=\"qodef-m-separator\" style=\"color:#3E4939\">\n\t\t\t\t\t*\t\t\t\t<\/span>\n\t\t\t\t\t\t\t\t\t\t<span class=\"qodef-m-text-2\" style=\"color:#3E4939\">\n\t\t\t\t\tNurture your spirit\t\t\t\t<\/span>\n\t\t\t\t\t\t\t\t\t\t<span class=\"qodef-m-separator\" style=\"color:#3E4939\">\n\t\t\t\t\t*\t\t\t\t<\/span>\n\t\t\t\t\t\t\t\t\t\t<span class=\"qodef-m-text-3\" style=\"color:#3E4939\">\n\t\t\t\t\tCalm your mind\t\t\t\t<\/span>\n\t\t\t\t\t\t\t\t\t\t<span class=\"qodef-m-separator\" style=\"color:#3E4939\">\n\t\t\t\t\t*\t\t\t\t<\/span>\n\t\t\t\t\t<\/div>\n\t<\/div>\n<\/div>\n\t\t<\/div>\n\t\t\t\t<\/div>\n\t\t\t\t\t<\/div>\n\t\t<\/div>\n\t\t\t\t\t\t\t<\/div>\n\t\t<\/section>\n\t\t\t\t<section class=\"elementor-section elementor-top-section elementor-element elementor-element-9d150bf elementor-section-full_width elementor-section-height-default elementor-section-height-default\" data-id=\"9d150bf\" data-element_type=\"section\">\n\t\t\t\t\t\t<div class=\"elementor-container elementor-column-gap-default\">\n\t\t\t\t\t<div class=\"elementor-column elementor-col-100 elementor-top-column elementor-element elementor-element-79604c7\" data-id=\"79604c7\" data-element_type=\"column\">\n\t\t\t<div class=\"elementor-widget-wrap elementor-element-populated\">\n\t\t\t\t\t\t\t\t<div class=\"elementor-element elementor-element-b4a17ea elementor-widget elementor-widget-ashtanga_core_image_gallery\" data-id=\"b4a17ea\" data-element_type=\"widget\" data-widget_type=\"ashtanga_core_image_gallery.default\">\n\t\t\t\t<div class=\"elementor-widget-container\">\n\t\t\t<div class=\"qodef-shortcode qodef-m  qodef-image-gallery    qodef-content-vertical-align--bottom qodef-content-horizontal-align--center    qodef-grid qodef-swiper-container  qodef-gutter--huge  qodef-col-num--5  qodef-responsive--predefined qodef-swiper--show-hidden-slides\"  data-options=\"{&quot;spaceBetween&quot;:80,&quot;slidesPerView&quot;:&quot;5&quot;,&quot;loop&quot;:true,&quot;autoplay&quot;:true,&quot;speed&quot;:&quot;&quot;,&quot;speedAnimation&quot;:&quot;&quot;,&quot;slideAnimation&quot;:&quot;&quot;,&quot;direction&quot;:&quot;&quot;,&quot;centeredSlides&quot;:true,&quot;sliderScroll&quot;:&quot;&quot;,&quot;loopedSlides&quot;:&quot;&quot;,&quot;infinite&quot;:false}\">\n\t<div class=\"swiper-wrapper\">\n\t\t\t<\/div>\n\t\t<\/div>\n\t\t<\/div>\n\t\t\t\t<\/div>\n\t\t\t\t\t<\/div>\n\t\t<\/div>\n\t\t\t\t\t\t\t<\/div>\n\t\t<\/section>\n\t\t\t\t\t\t\t<\/div>\n\t\t","protected":false},"excerpt":{"rendered":"<p>\u00dcber mich Mein Name ist Samira Leiser Im Jahr 1990 brachte mich meine Mutter zu Hause in der Josefstra\u00dfe zur Welt. Als alleinstehende Frau zog sie mich im Niederdorf, im Herzen Z\u00fcrichs, auf. Sie war ein starkes, emanzipiertes, einf\u00fchlsames, vielseitiges, sozial engagiertes, intellektuelles, humorvolles, hilfsbereites, willensstarkes und naturverbundenes Vorbild. Bis heute schenkt sie mir bedingungslose [&hellip;]<\/p>\n","protected":false},"author":1,"featured_media":0,"parent":0,"menu_order":0,"comment_status":"closed","ping_status":"closed","template":"page-full-width.php","meta":{"footnotes":""},"class_list":["post-2087","page","type-page","status-publish","hentry"],"_links":{"self":[{"href":"https:\/\/earthnbirth.ch\/index.php\/wp-json\/wp\/v2\/pages\/2087","targetHints":{"allow":["GET"]}}],"collection":[{"href":"https:\/\/earthnbirth.ch\/index.php\/wp-json\/wp\/v2\/pages"}],"about":[{"href":"https:\/\/earthnbirth.ch\/index.php\/wp-json\/wp\/v2\/types\/page"}],"author":[{"embeddable":true,"href":"https:\/\/earthnbirth.ch\/index.php\/wp-json\/wp\/v2\/users\/1"}],"replies":[{"embeddable":true,"href":"https:\/\/earthnbirth.ch\/index.php\/wp-json\/wp\/v2\/comments?post=2087"}],"version-history":[{"count":75,"href":"https:\/\/earthnbirth.ch\/index.php\/wp-json\/wp\/v2\/pages\/2087\/revisions"}],"predecessor-version":[{"id":13257,"href":"https:\/\/earthnbirth.ch\/index.php\/wp-json\/wp\/v2\/pages\/2087\/revisions\/13257"}],"wp:attachment":[{"href":"https:\/\/earthnbirth.ch\/index.php\/wp-json\/wp\/v2\/media?parent=2087"}],"curies":[{"name":"wp","href":"https:\/\/api.w.org\/{rel}","templated":true}]}}