{"id":3303,"date":"2023-05-08T12:13:19","date_gmt":"2023-05-08T12:13:19","guid":{"rendered":"https:\/\/ashtanga.qodeinteractive.com\/?page_id=3303"},"modified":"2024-06-10T20:40:54","modified_gmt":"2024-06-10T20:40:54","slug":"pricing-plans","status":"publish","type":"page","link":"https:\/\/earthnbirth.ch\/index.php\/pricing-plans\/","title":{"rendered":"Pricing Plans"},"content":{"rendered":"\t\t<div data-elementor-type=\"wp-page\" data-elementor-id=\"3303\" class=\"elementor elementor-3303\">\n\t\t\t\t\t\t\t\t\t<section class=\"elementor-section elementor-top-section elementor-element elementor-element-fffbc9c elementor-section-full_width elementor-section-height-default elementor-section-height-default\" data-id=\"fffbc9c\" data-element_type=\"section\">\n\t\t\t\t\t\t<div class=\"elementor-container elementor-column-gap-default\">\n\t\t\t\t\t<div class=\"elementor-column elementor-col-100 elementor-top-column elementor-element elementor-element-2e669cb\" data-id=\"2e669cb\" data-element_type=\"column\">\n\t\t\t<div class=\"elementor-widget-wrap elementor-element-populated\">\n\t\t\t\t\t\t\t\t<div class=\"elementor-element elementor-element-9754d28 elementor-widget elementor-widget-ashtanga_core_custom_font\" data-id=\"9754d28\" data-element_type=\"widget\" data-widget_type=\"ashtanga_core_custom_font.default\">\n\t\t\t\t<div class=\"elementor-widget-container\">\n\t\t\t<p class=\"qodef-shortcode qodef-m  qodef-custom-font qodef-custom-font-722 qodef-layout--simple   \" style=\"font-family: Edensor;font-size: 120px;line-height: 246px;text-transform: uppercase\"   >\n\t<span class=\"qodef-custom-font-inner\">\n\t\tTarife\t<\/span>\n<\/p>\n\t\t<\/div>\n\t\t\t\t<\/div>\n\t\t\t\t\t<\/div>\n\t\t<\/div>\n\t\t\t\t\t\t\t<\/div>\n\t\t<\/section>\n\t\t\t\t<section class=\"elementor-section elementor-top-section elementor-element elementor-element-783b65a elementor-section-full_width elementor-section-height-min-height elementor-section-items-bottom elementor-hidden-mobile elementor-section-height-default\" data-id=\"783b65a\" data-element_type=\"section\" data-settings=\"{&quot;background_background&quot;:&quot;classic&quot;}\">\n\t\t\t\t\t\t\t<div class=\"elementor-background-overlay\"><\/div>\n\t\t\t\t\t\t\t<div class=\"elementor-container elementor-column-gap-default\">\n\t\t\t\t\t<div class=\"elementor-column elementor-col-100 elementor-top-column elementor-element elementor-element-81f46ca\" data-id=\"81f46ca\" data-element_type=\"column\">\n\t\t\t<div class=\"elementor-widget-wrap\">\n\t\t\t\t\t\t\t\t\t<\/div>\n\t\t<\/div>\n\t\t\t\t\t\t\t<\/div>\n\t\t<\/section>\n\t\t<div class=\"elementor-element elementor-element-b4f53ab e-flex e-con-boxed e-con e-parent\" data-id=\"b4f53ab\" data-element_type=\"container\" data-settings=\"{&quot;content_width&quot;:&quot;boxed&quot;}\" data-core-v316-plus=\"true\">\n\t\t\t\t\t<div class=\"e-con-inner\">\n\t\t\t\t<div class=\"elementor-element elementor-element-526431d elementor-widget elementor-widget-heading\" data-id=\"526431d\" data-element_type=\"widget\" data-widget_type=\"heading.default\">\n\t\t\t\t<div class=\"elementor-widget-container\">\n\t\t\t<style>\/*! elementor - v3.18.0 - 04-12-2023 *\/\n.elementor-heading-title{padding:0;margin:0;line-height:1}.elementor-widget-heading .elementor-heading-title[class*=elementor-size-]>a{color:inherit;font-size:inherit;line-height:inherit}.elementor-widget-heading .elementor-heading-title.elementor-size-small{font-size:15px}.elementor-widget-heading .elementor-heading-title.elementor-size-medium{font-size:19px}.elementor-widget-heading .elementor-heading-title.elementor-size-large{font-size:29px}.elementor-widget-heading .elementor-heading-title.elementor-size-xl{font-size:39px}.elementor-widget-heading .elementor-heading-title.elementor-size-xxl{font-size:59px}<\/style><h3 class=\"elementor-heading-title elementor-size-large\">Massgeschneidert f\u00fcr dich!<\/h3>\t\t<\/div>\n\t\t\t\t<\/div>\n\t\t\t\t<div class=\"elementor-element elementor-element-f1795fe elementor-widget elementor-widget-text-editor\" data-id=\"f1795fe\" data-element_type=\"widget\" data-widget_type=\"text-editor.default\">\n\t\t\t\t<div class=\"elementor-widget-container\">\n\t\t\t<style>\/*! elementor - v3.18.0 - 04-12-2023 *\/\n.elementor-widget-text-editor.elementor-drop-cap-view-stacked .elementor-drop-cap{background-color:#69727d;color:#fff}.elementor-widget-text-editor.elementor-drop-cap-view-framed .elementor-drop-cap{color:#69727d;border:3px solid;background-color:transparent}.elementor-widget-text-editor:not(.elementor-drop-cap-view-default) .elementor-drop-cap{margin-top:8px}.elementor-widget-text-editor:not(.elementor-drop-cap-view-default) .elementor-drop-cap-letter{width:1em;height:1em}.elementor-widget-text-editor .elementor-drop-cap{float:left;text-align:center;line-height:1;font-size:50px}.elementor-widget-text-editor .elementor-drop-cap-letter{display:inline-block}<\/style>\t\t\t\t<p>Meine Dienstleistungen sind darauf ausgerichtet, die einzigartigen Bed\u00fcrfnisse jeder Frau zu erkennen und individuell darauf einzugehen.\u00a0<\/p><p><strong>EMR-Zertifzierung<\/strong><\/p><p>Als anerkannte Naturheilpraktikerin k\u00f6nnen meine Diensteistungen \u00fcber die Zusatzversicherung abgerechnet werden.\u00a0<\/p>\t\t\t\t\t\t<\/div>\n\t\t\t\t<\/div>\n\t\t\t\t<div class=\"elementor-element elementor-element-a73b57e elementor-widget elementor-widget-ashtanga_core_button\" data-id=\"a73b57e\" data-element_type=\"widget\" data-widget_type=\"ashtanga_core_button.default\">\n\t\t\t\t<div class=\"elementor-widget-container\">\n\t\t\t<a class=\"qodef-shortcode qodef-m  qodef-button qodef-layout--filled   qodef-html--link\" href=\"https:\/\/earthnbirth.ch\/index.php\/contact-us\/\" target=\"_self\"  >\n\t<span class=\"qodef-m-text\">Termin Vereinbaren<\/span>\n<\/a>\n\t\t<\/div>\n\t\t\t\t<\/div>\n\t\t\t\t\t<\/div>\n\t\t\t\t<\/div>\n\t\t<div class=\"elementor-element elementor-element-48034f9 e-flex e-con-boxed e-con e-parent\" data-id=\"48034f9\" data-element_type=\"container\" data-settings=\"{&quot;content_width&quot;:&quot;boxed&quot;}\" data-core-v316-plus=\"true\">\n\t\t\t\t\t<div class=\"e-con-inner\">\n\t\t<div class=\"elementor-element elementor-element-828107e e-con-full e-flex e-con e-child\" data-id=\"828107e\" data-element_type=\"container\" data-settings=\"{&quot;content_width&quot;:&quot;full&quot;}\">\n\t\t\t\t<div class=\"elementor-element elementor-element-b9576c7 elementor-widget elementor-widget-ashtanga_core_pricing_table\" data-id=\"b9576c7\" data-element_type=\"widget\" data-widget_type=\"ashtanga_core_pricing_table.default\">\n\t\t\t\t<div class=\"elementor-widget-container\">\n\t\t\t<div class=\"qodef-shortcode qodef-m  qodef-pricing-table qodef-layout--standard qodef-status--regular\" >\n\t<div class=\"qodef-m-inner\">\n\t\t<div class=\"qodef-m-main\">\n\t\t\t\t<div class=\"qodef-m-title\">\n\t\t<p >Einzelstunden<\/p>\n\t<\/div>\n\t\t\t\t\t\t\t<div class=\"qodef-m-price\">\n\t\t<div class=\"qodef-m-price-wrapper\" >\n\t\t\t\t\t\t\t<span class=\"qodef-m-price-currency\" >CHF<\/span>\n\t\t\t\t\t\t<span class=\"qodef-m-price-value\">169<\/span>\n\t\t<\/div>\n\t<\/div>\n\t\t\t\t<div class=\"qodef-m-content\"><ul><li>Massage\u00a0<\/li><li>Therapiesession\u00a0<\/li><li>60 Min<\/li><\/ul><\/div>\n\t\t<\/div>\n\t\t<div class=\"qodef-m-action\" >\n\t\t\t\t<div class=\"qodef-m-button clear\">\n\t\t<a class=\"qodef-shortcode qodef-m  qodef-button qodef-layout--textual   qodef-html--link\" href=\"https:\/\/earthnbirth.ch\/index.php\/contact-us\/\" target=\"_self\"  >\t<span class=\"qodef-m-text\">Kontaktieren<\/span>\t\t<svg class=\"qodef-svg--button-arrow qodef-m-arrow\" xmlns=\"http:\/\/www.w3.org\/2000\/svg\" width=\"37.833\" height=\"18.959\"     viewBox=\"0 0 37.833 18.959\"><path fill=\"none\" stroke=\"currentColor\" d=\"M37.828 9.371H0\"\/><path fill=\"none\" stroke=\"currentColor\" d=\"M37.83 9.48S28.651 9.403 26.143.131\"\/><path fill=\"none\" stroke=\"currentColor\" d=\"M37.83 9.479s-9.179.077-11.687 9.349\"\/><\/svg>\t<\/a>\t<\/div>\n\t\t<\/div>\n\t<\/div>\n<\/div>\n\t\t<\/div>\n\t\t\t\t<\/div>\n\t\t\t\t<\/div>\n\t\t<div class=\"elementor-element elementor-element-66033d5 e-con-full e-flex e-con e-child\" data-id=\"66033d5\" data-element_type=\"container\" data-settings=\"{&quot;content_width&quot;:&quot;full&quot;}\">\n\t\t\t\t<div class=\"elementor-element elementor-element-c616e42 elementor-widget elementor-widget-ashtanga_core_pricing_table\" data-id=\"c616e42\" data-element_type=\"widget\" data-widget_type=\"ashtanga_core_pricing_table.default\">\n\t\t\t\t<div class=\"elementor-widget-container\">\n\t\t\t<div class=\"qodef-shortcode qodef-m  qodef-pricing-table qodef-layout--standard qodef-status--regular\" >\n\t<div class=\"qodef-m-inner\">\n\t\t<div class=\"qodef-m-main\">\n\t\t\t\t<div class=\"qodef-m-title\">\n\t\t<p >Kinderwunsch<\/p>\n\t<\/div>\n\t\t\t\t<div class=\"qodef-m-subtitle\">\n\t\t<p >ab<\/p>\n\t<\/div>\n\t\t\t\t<div class=\"qodef-m-price\">\n\t\t<div class=\"qodef-m-price-wrapper\" >\n\t\t\t\t\t\t\t<span class=\"qodef-m-price-currency\" >CHF<\/span>\n\t\t\t\t\t\t<span class=\"qodef-m-price-value\">338<\/span>\n\t\t<\/div>\n\t<\/div>\n\t\t\t\t<div class=\"qodef-m-content\"><ul><li>2 x \u00e0 60 min<\/li><li>Beratung\u00a0 zu Heilpflanzen, Ursprungsanalyse (Ern\u00e4hrung, K\u00f6rperlich, Geistig), Therapie<\/li><\/ul><\/div>\n\t\t<\/div>\n\t\t<div class=\"qodef-m-action\" >\n\t\t\t\t<div class=\"qodef-m-button clear\">\n\t\t<a class=\"qodef-shortcode qodef-m  qodef-button qodef-layout--textual   qodef-html--link\" href=\"https:\/\/earthnbirth.ch\/index.php\/contact-us\/\" target=\"_self\"  >\t<span class=\"qodef-m-text\">Kontaktieren<\/span>\t\t<svg class=\"qodef-svg--button-arrow qodef-m-arrow\" xmlns=\"http:\/\/www.w3.org\/2000\/svg\" width=\"37.833\" height=\"18.959\"     viewBox=\"0 0 37.833 18.959\"><path fill=\"none\" stroke=\"currentColor\" d=\"M37.828 9.371H0\"\/><path fill=\"none\" stroke=\"currentColor\" d=\"M37.83 9.48S28.651 9.403 26.143.131\"\/><path fill=\"none\" stroke=\"currentColor\" d=\"M37.83 9.479s-9.179.077-11.687 9.349\"\/><\/svg>\t<\/a>\t<\/div>\n\t\t<\/div>\n\t<\/div>\n<\/div>\n\t\t<\/div>\n\t\t\t\t<\/div>\n\t\t\t\t<\/div>\n\t\t<div class=\"elementor-element elementor-element-2a3a079 e-con-full e-flex e-con e-child\" data-id=\"2a3a079\" data-element_type=\"container\" data-settings=\"{&quot;content_width&quot;:&quot;full&quot;}\">\n\t\t\t\t<div class=\"elementor-element elementor-element-4099d0d elementor-widget elementor-widget-ashtanga_core_pricing_table\" data-id=\"4099d0d\" data-element_type=\"widget\" data-widget_type=\"ashtanga_core_pricing_table.default\">\n\t\t\t\t<div class=\"elementor-widget-container\">\n\t\t\t<div class=\"qodef-shortcode qodef-m  qodef-pricing-table qodef-layout--standard qodef-status--regular\" >\n\t<div class=\"qodef-m-inner\">\n\t\t<div class=\"qodef-m-main\">\n\t\t\t\t<div class=\"qodef-m-title\">\n\t\t<p >Massage<\/p>\n\t<\/div>\n\t\t\t\t<div class=\"qodef-m-subtitle\">\n\t\t<p >pro Stunde<\/p>\n\t<\/div>\n\t\t\t\t<div class=\"qodef-m-price\">\n\t\t<div class=\"qodef-m-price-wrapper\" >\n\t\t\t\t\t\t\t<span class=\"qodef-m-price-currency\" >CHF<\/span>\n\t\t\t\t\t\t<span class=\"qodef-m-price-value\">169<\/span>\n\t\t<\/div>\n\t<\/div>\n\t\t\t\t<div class=\"qodef-m-content\"><ul><li>Klassische Massage, Lymphdrainage.<br \/>Bindegewebemassage,\u00a0<br \/>Fussreflexzonen u.w.<\/li><\/ul><\/div>\n\t\t<\/div>\n\t\t<div class=\"qodef-m-action\" >\n\t\t\t\t<div class=\"qodef-m-button clear\">\n\t\t<a class=\"qodef-shortcode qodef-m  qodef-button qodef-layout--textual   qodef-html--link\" href=\"https:\/\/earthnbirth.ch\/index.php\/contact-us\/\" target=\"_self\"  >\t<span class=\"qodef-m-text\">Kontaktieren<\/span>\t\t<svg class=\"qodef-svg--button-arrow qodef-m-arrow\" xmlns=\"http:\/\/www.w3.org\/2000\/svg\" width=\"37.833\" height=\"18.959\"     viewBox=\"0 0 37.833 18.959\"><path fill=\"none\" stroke=\"currentColor\" d=\"M37.828 9.371H0\"\/><path fill=\"none\" stroke=\"currentColor\" d=\"M37.83 9.48S28.651 9.403 26.143.131\"\/><path fill=\"none\" stroke=\"currentColor\" d=\"M37.83 9.479s-9.179.077-11.687 9.349\"\/><\/svg>\t<\/a>\t<\/div>\n\t\t<\/div>\n\t<\/div>\n<\/div>\n\t\t<\/div>\n\t\t\t\t<\/div>\n\t\t\t\t<\/div>\n\t\t<div class=\"elementor-element elementor-element-8b32778 e-con-full e-flex e-con e-child\" data-id=\"8b32778\" data-element_type=\"container\" data-settings=\"{&quot;content_width&quot;:&quot;full&quot;}\">\n\t\t\t\t<div class=\"elementor-element elementor-element-cf39fc1 elementor-widget elementor-widget-ashtanga_core_pricing_table\" data-id=\"cf39fc1\" data-element_type=\"widget\" data-widget_type=\"ashtanga_core_pricing_table.default\">\n\t\t\t\t<div class=\"elementor-widget-container\">\n\t\t\t<div class=\"qodef-shortcode qodef-m  qodef-pricing-table qodef-layout--standard qodef-status--regular\" >\n\t<div class=\"qodef-m-inner\">\n\t\t<div class=\"qodef-m-main\">\n\t\t\t\t<div class=\"qodef-m-title\">\n\t\t<p >Schwangerschaft \/ Geburts- vorbereitung<\/p>\n\t<\/div>\n\t\t\t\t<div class=\"qodef-m-subtitle\">\n\t\t<p >ab<\/p>\n\t<\/div>\n\t\t\t\t<div class=\"qodef-m-price\">\n\t\t<div class=\"qodef-m-price-wrapper\" >\n\t\t\t\t\t\t\t<span class=\"qodef-m-price-currency\" >CHF<\/span>\n\t\t\t\t\t\t<span class=\"qodef-m-price-value\">676<\/span>\n\t\t<\/div>\n\t<\/div>\n\t\t\t\t<div class=\"qodef-m-content\"><ul><li>Erstes Treffen: Kennenlernen und Kl\u00e4rung, ob eine Begleitung durch mich das Richtige f\u00fcr dich ist.<\/li><li>Zweites Treffen: Eingehen auf deine spezifischen Bed\u00fcrfnisse und W\u00fcnsche bez\u00fcglich der Geburt.<\/li><li>Besprechung von \u00c4ngsten und Zweifeln, sofern vorhanden.<\/li><li>Gemeinsame Erstellung eines Geburtsplans.<\/li><li>Mentale Vorbereitung auf die Geburt.<\/li><li>Tipps zur optimalen k\u00f6rperlichen Vorbereitung auf die Geburt.<\/li><li>M\u00f6glichkeit eines weiteren Treffens nach Wunsch.<\/li><\/ul><p>\u00a0<\/p><p>\u00a0<\/p><p>\u00a0<\/p><p>\u00a0<\/p><p>\u00a0<\/p><\/div>\n\t\t<\/div>\n\t\t<div class=\"qodef-m-action\" >\n\t\t\t\t<div class=\"qodef-m-button clear\">\n\t\t<a class=\"qodef-shortcode qodef-m  qodef-button qodef-layout--textual   qodef-html--link\" href=\"https:\/\/earthnbirth.ch\/index.php\/contact-us\/\" target=\"_self\"  >\t<span class=\"qodef-m-text\">Kontaktieren<\/span>\t\t<svg class=\"qodef-svg--button-arrow qodef-m-arrow\" xmlns=\"http:\/\/www.w3.org\/2000\/svg\" width=\"37.833\" height=\"18.959\"     viewBox=\"0 0 37.833 18.959\"><path fill=\"none\" stroke=\"currentColor\" d=\"M37.828 9.371H0\"\/><path fill=\"none\" stroke=\"currentColor\" d=\"M37.83 9.48S28.651 9.403 26.143.131\"\/><path fill=\"none\" stroke=\"currentColor\" d=\"M37.83 9.479s-9.179.077-11.687 9.349\"\/><\/svg>\t<\/a>\t<\/div>\n\t\t<\/div>\n\t<\/div>\n<\/div>\n\t\t<\/div>\n\t\t\t\t<\/div>\n\t\t\t\t<\/div>\n\t\t<div class=\"elementor-element elementor-element-25d8670 e-con-full e-flex e-con e-child\" data-id=\"25d8670\" data-element_type=\"container\" data-settings=\"{&quot;content_width&quot;:&quot;full&quot;}\">\n\t\t\t\t<div class=\"elementor-element elementor-element-5b608df elementor-widget elementor-widget-ashtanga_core_pricing_table\" data-id=\"5b608df\" data-element_type=\"widget\" data-widget_type=\"ashtanga_core_pricing_table.default\">\n\t\t\t\t<div class=\"elementor-widget-container\">\n\t\t\t<div class=\"qodef-shortcode qodef-m  qodef-pricing-table qodef-layout--standard qodef-status--regular\" >\n\t<div class=\"qodef-m-inner\">\n\t\t<div class=\"qodef-m-main\">\n\t\t\t\t<div class=\"qodef-m-title\">\n\t\t<p >Geburt <\/p>\n\t<\/div>\n\t\t\t\t<div class=\"qodef-m-subtitle\">\n\t\t<p >ab<\/p>\n\t<\/div>\n\t\t\t\t<div class=\"qodef-m-price\">\n\t\t<div class=\"qodef-m-price-wrapper\" >\n\t\t\t\t\t\t\t<span class=\"qodef-m-price-currency\" >CHF<\/span>\n\t\t\t\t\t\t<span class=\"qodef-m-price-value\">1872<\/span>\n\t\t<\/div>\n\t<\/div>\n\t\t\t\t<div class=\"qodef-m-content\"><ul><li>Geburtsvorbereitung<\/li><li>Beginn der Pikettzeit zwei Wochen vor dem Geburtstermin, mit rund um die Uhr Verf\u00fcgbarkeit.<\/li><li>Sofortige Anfahrt zu dir nach Hause, ins Geburtshaus oder ins Spital direkt nach deinem Anruf.<\/li><li>Mentale und k\u00f6rperliche Unterst\u00fctzung (nach Wunsch) w\u00e4hrend der Geburt.<\/li><li>Gleichartige Unterst\u00fctzung f\u00fcr deinen Partner.<\/li><li>Anpassung an den Geburtsverlauf mit Raum f\u00fcr Spontanit\u00e4t, entsprechend unserer Besprechung.<\/li><\/ul><p>Nach der Geburt:<\/p><ul><li>Ein abschlie\u00dfendes Treffen, um die Geburtserfahrung Revue passieren zu lassen.<\/li><li>Eine abschlie\u00dfende wohltuende Massage (wenn gew\u00fcnscht) sowie Tipps zum Stillen und zum Alltag mit dem neuen Familienmitglied.<p>\u00a0<\/p><\/li><\/ul><\/div>\n\t\t<\/div>\n\t\t<div class=\"qodef-m-action\" >\n\t\t\t\t<div class=\"qodef-m-button clear\">\n\t\t<a class=\"qodef-shortcode qodef-m  qodef-button qodef-layout--textual   qodef-html--link\" href=\"https:\/\/earthnbirth.ch\/index.php\/contact-us\/\" target=\"_self\"  >\t<span class=\"qodef-m-text\">Kontaktieren<\/span>\t\t<svg class=\"qodef-svg--button-arrow qodef-m-arrow\" xmlns=\"http:\/\/www.w3.org\/2000\/svg\" width=\"37.833\" height=\"18.959\"     viewBox=\"0 0 37.833 18.959\"><path fill=\"none\" stroke=\"currentColor\" d=\"M37.828 9.371H0\"\/><path fill=\"none\" stroke=\"currentColor\" d=\"M37.83 9.48S28.651 9.403 26.143.131\"\/><path fill=\"none\" stroke=\"currentColor\" d=\"M37.83 9.479s-9.179.077-11.687 9.349\"\/><\/svg>\t<\/a>\t<\/div>\n\t\t<\/div>\n\t<\/div>\n<\/div>\n\t\t<\/div>\n\t\t\t\t<\/div>\n\t\t\t\t<\/div>\n\t\t<div class=\"elementor-element elementor-element-2fc9590 e-con-full e-flex e-con e-child\" data-id=\"2fc9590\" data-element_type=\"container\" data-settings=\"{&quot;content_width&quot;:&quot;full&quot;}\">\n\t\t\t\t<div class=\"elementor-element elementor-element-fd9e55d elementor-widget elementor-widget-ashtanga_core_pricing_table\" data-id=\"fd9e55d\" data-element_type=\"widget\" data-widget_type=\"ashtanga_core_pricing_table.default\">\n\t\t\t\t<div class=\"elementor-widget-container\">\n\t\t\t<div class=\"qodef-shortcode qodef-m  qodef-pricing-table qodef-layout--standard qodef-status--regular\" >\n\t<div class=\"qodef-m-inner\">\n\t\t<div class=\"qodef-m-main\">\n\t\t\t\t<div class=\"qodef-m-title\">\n\t\t<p >Wochenbett  &amp;Alltag <\/p>\n\t<\/div>\n\t\t\t\t<div class=\"qodef-m-subtitle\">\n\t\t<p >pro Stunde<\/p>\n\t<\/div>\n\t\t\t\t<div class=\"qodef-m-price\">\n\t\t<div class=\"qodef-m-price-wrapper\" >\n\t\t\t\t\t\t\t<span class=\"qodef-m-price-currency\" >CHF<\/span>\n\t\t\t\t\t\t<span class=\"qodef-m-price-value\">91<\/span>\n\t\t<\/div>\n\t<\/div>\n\t\t\t\t<div class=\"qodef-m-content\"><ul><li>Babytragen und dir Ruhepausen erm\u00f6glichen.<\/li><li>Spazierg\u00e4nge mit dem \u00e4lteren Geschwisterkind.<\/li><li>Eink\u00e4ufe erledigen, falls n\u00f6tig.<\/li><li>Entspannende Massagen anbieten.<\/li><li>Beratung rund ums Stillen.<\/li><li>Ern\u00e4hrungsberatung zur Unterst\u00fctzung beim Stillen und bei der R\u00fcckbildung.<\/li><li>Hilfe bei Hausarbeiten wie Kochen, Waschen und Putzen, sowohl f\u00fcr dich als auch f\u00fcr deinen Partner (falls vorhanden).<\/li><li>Alltags-Tipps: \u00dcberblick bewahren, in Form kommen, Wunschfigur erreichen.<\/li><li>Manuelle Praktiken: Individuelle Behandlung k\u00f6rperlicher Beschwerden.<\/li><li>Alltagsgestaltung: Aufgaben gelassen und erleichtert bew\u00e4ltigen.<\/li><\/ul><p>Das Ziel ist, dir die bestm\u00f6gliche Unterst\u00fctzung und Begleitung beim Start in das neue Familienleben zu bieten.<\/p><\/div>\n\t\t<\/div>\n\t\t<div class=\"qodef-m-action\" >\n\t\t\t\t<div class=\"qodef-m-button clear\">\n\t\t<a class=\"qodef-shortcode qodef-m  qodef-button qodef-layout--textual   qodef-html--link\" href=\"https:\/\/earthnbirth.ch\/index.php\/contact-us\/\" target=\"_self\"  >\t<span class=\"qodef-m-text\">Kontaktieren<\/span>\t\t<svg class=\"qodef-svg--button-arrow qodef-m-arrow\" xmlns=\"http:\/\/www.w3.org\/2000\/svg\" width=\"37.833\" height=\"18.959\"     viewBox=\"0 0 37.833 18.959\"><path fill=\"none\" stroke=\"currentColor\" d=\"M37.828 9.371H0\"\/><path fill=\"none\" stroke=\"currentColor\" d=\"M37.83 9.48S28.651 9.403 26.143.131\"\/><path fill=\"none\" stroke=\"currentColor\" d=\"M37.83 9.479s-9.179.077-11.687 9.349\"\/><\/svg>\t<\/a>\t<\/div>\n\t\t<\/div>\n\t<\/div>\n<\/div>\n\t\t<\/div>\n\t\t\t\t<\/div>\n\t\t\t\t<\/div>\n\t\t\t\t\t<\/div>\n\t\t\t\t<\/div>\n\t\t\t\t<section class=\"elementor-section elementor-top-section elementor-element elementor-element-f4127af elementor-section-full_width elementor-section-height-default elementor-section-height-default\" data-id=\"f4127af\" data-element_type=\"section\">\n\t\t\t\t\t\t<div class=\"elementor-container elementor-column-gap-default\">\n\t\t\t\t\t<div class=\"elementor-column elementor-col-100 elementor-top-column elementor-element elementor-element-d9a74da\" data-id=\"d9a74da\" data-element_type=\"column\">\n\t\t\t<div class=\"elementor-widget-wrap elementor-element-populated\">\n\t\t\t\t\t\t\t\t<div class=\"elementor-element elementor-element-4ed9994 elementor-widget elementor-widget-ashtanga_core_image_gallery\" data-id=\"4ed9994\" data-element_type=\"widget\" data-widget_type=\"ashtanga_core_image_gallery.default\">\n\t\t\t\t<div class=\"elementor-widget-container\">\n\t\t\t<div class=\"qodef-shortcode qodef-m  qodef-image-gallery    qodef-content-vertical-align--bottom qodef-content-horizontal-align--right    qodef-grid qodef-layout--masonry qodef-items--fixed qodef-gutter--medium qodef-vertical-gutter--medium qodef-col-num--5  qodef-responsive--custom qodef-col-num--1440--5 qodef-col-num--1366--5 qodef-col-num--1024--5 qodef-col-num--768--2 qodef-col-num--680--1 qodef-col-num--480--1\" >\n\t<div class=\"qodef-grid-inner\">\n\t\t\t<div class=\"qodef-grid-masonry-sizer\"><\/div>\n\t<\/div>\n<\/div>\n\t\t<\/div>\n\t\t\t\t<\/div>\n\t\t\t\t\t<\/div>\n\t\t<\/div>\n\t\t\t\t\t\t\t<\/div>\n\t\t<\/section>\n\t\t<div class=\"elementor-element elementor-element-495b3f3 e-flex e-con-boxed e-con e-parent\" data-id=\"495b3f3\" data-element_type=\"container\" data-settings=\"{&quot;content_width&quot;:&quot;boxed&quot;}\" data-core-v316-plus=\"true\">\n\t\t\t\t\t<div class=\"e-con-inner\">\n\t\t\t\t<div class=\"elementor-element elementor-element-6c067de elementor-widget elementor-widget-text-editor\" data-id=\"6c067de\" data-element_type=\"widget\" data-widget_type=\"text-editor.default\">\n\t\t\t\t<div class=\"elementor-widget-container\">\n\t\t\t\t\t\t\t<p>Meine Dienstleistungen sind darauf ausgerichtet, die einzigartigen Bed\u00fcrfnisse jeder Frau zu erkennen und individuell darauf einzugehen.<\/p><p>Jede Begleitung beginnt mit einem <strong>kostenlosen<\/strong>, unverbindlichen Erstgespr\u00e4ch, bei dem wir gemeinsam die gew\u00fcnschte Unterst\u00fctzung vereinbaren. Ein besonderer Vorteil meiner T\u00e4tigkeit besteht darin, dass ich als Doula und Naturheilpraktikerin gegebenenfalls bestimmte Kosten \u00fcber die <strong>Zusatzkasse<\/strong> abrechnen kann.\u00a0<\/p><p>\u00a0<\/p><p>Die Verschmelzung beider Berufe erm\u00f6glicht mir, sowohl w\u00e4hrend der Schwangerschaft und Geburt als auch in der Zeit danach ganzheitliche Begleitung anzubieten.<\/p><p>\u00a0<\/p><p><strong>Stelle<\/strong> selber, aus meinem Angebot, <strong>deine Wunschbegleitung zusammen.<\/strong> Ich glaube fest daran, dass jede Frau das Recht auf eine individuelle, auf sie zugeschnittene Begleitung hat. Mein Ziel ist es, sie in diesem wichtigen Lebensabschnitt bestm\u00f6glich zu st\u00e4rken und ihre Bed\u00fcrfnisse in den Mittelpunkt zu stellen!<\/p>\t\t\t\t\t\t<\/div>\n\t\t\t\t<\/div>\n\t\t\t\t\t<\/div>\n\t\t\t\t<\/div>\n\t\t\t\t\t\t\t<\/div>\n\t\t","protected":false},"excerpt":{"rendered":"<p>Tarife Massgeschneidert f\u00fcr dich! Meine Dienstleistungen sind darauf ausgerichtet, die einzigartigen Bed\u00fcrfnisse jeder Frau zu erkennen und individuell darauf einzugehen.\u00a0 EMR-Zertifzierung Als anerkannte Naturheilpraktikerin k\u00f6nnen meine Diensteistungen \u00fcber die Zusatzversicherung abgerechnet werden.\u00a0 Termin Vereinbaren Einzelstunden CHF 169 Massage\u00a0 Therapiesession\u00a0 60 Min Kontaktieren Kinderwunsch ab CHF 338 2 x \u00e0 60 min Beratung\u00a0 zu Heilpflanzen, Ursprungsanalyse [&hellip;]<\/p>\n","protected":false},"author":1,"featured_media":0,"parent":0,"menu_order":0,"comment_status":"closed","ping_status":"closed","template":"page-full-width.php","meta":{"footnotes":""},"class_list":["post-3303","page","type-page","status-publish","hentry"],"_links":{"self":[{"href":"https:\/\/earthnbirth.ch\/index.php\/wp-json\/wp\/v2\/pages\/3303","targetHints":{"allow":["GET"]}}],"collection":[{"href":"https:\/\/earthnbirth.ch\/index.php\/wp-json\/wp\/v2\/pages"}],"about":[{"href":"https:\/\/earthnbirth.ch\/index.php\/wp-json\/wp\/v2\/types\/page"}],"author":[{"embeddable":true,"href":"https:\/\/earthnbirth.ch\/index.php\/wp-json\/wp\/v2\/users\/1"}],"replies":[{"embeddable":true,"href":"https:\/\/earthnbirth.ch\/index.php\/wp-json\/wp\/v2\/comments?post=3303"}],"version-history":[{"count":102,"href":"https:\/\/earthnbirth.ch\/index.php\/wp-json\/wp\/v2\/pages\/3303\/revisions"}],"predecessor-version":[{"id":13299,"href":"https:\/\/earthnbirth.ch\/index.php\/wp-json\/wp\/v2\/pages\/3303\/revisions\/13299"}],"wp:attachment":[{"href":"https:\/\/earthnbirth.ch\/index.php\/wp-json\/wp\/v2\/media?parent=3303"}],"curies":[{"name":"wp","href":"https:\/\/api.w.org\/{rel}","templated":true}]}}